{"id":157,"date":"2018-08-28T09:10:25","date_gmt":"2018-08-28T07:10:25","guid":{"rendered":"http:\/\/seeinformatique.fr\/?page_id=157"},"modified":"2022-04-06T17:12:53","modified_gmt":"2022-04-06T15:12:53","slug":"maintenance-informatique","status":"publish","type":"page","link":"https:\/\/seeinformatique.fr\/?page_id=157","title":{"rendered":"R\u00e9paration &#038; Maintenance Informatique"},"content":{"rendered":"<style>\/*! elementor - v3.5.6 - 17-03-2022 *\/\n.elementor-widget-image{text-align:center}.elementor-widget-image a{display:inline-block}.elementor-widget-image a img[src$=\".svg\"]{width:48px}.elementor-widget-image img{vertical-align:middle;display:inline-block}<\/style>\n<p>\t\t\t\t\t\t\t\t\t\t\t\t<img decoding=\"async\" width=\"780\" height=\"518\" src=\"http:\/\/seeinformatique.fr\/wp-content\/uploads\/2022\/04\/Reparation-Pc-SEE-informatique-1024x680.jpg\" alt=\"\" loading=\"lazy\" srcset=\"http:\/\/seeinformatique.fr\/wp-content\/uploads\/2022\/04\/Reparation-Pc-SEE-informatique-1024x680.jpg 1024w, http:\/\/seeinformatique.fr\/wp-content\/uploads\/2022\/04\/Reparation-Pc-SEE-informatique-300x199.jpg 300w, http:\/\/seeinformatique.fr\/wp-content\/uploads\/2022\/04\/Reparation-Pc-SEE-informatique-768x510.jpg 768w, http:\/\/seeinformatique.fr\/wp-content\/uploads\/2022\/04\/Reparation-Pc-SEE-informatique-1536x1020.jpg 1536w, http:\/\/seeinformatique.fr\/wp-content\/uploads\/2022\/04\/Reparation-Pc-SEE-informatique.jpg 1691w\" sizes=\"auto, (max-width: 780px) 100vw, 780px\" \/><br \/>\n\t\tLa r\u00e9paration informatique est le coeur de mon m\u00e9tier depuis 1993, nous effectuons des devis gratuits et nous pouvons r\u00e9parer tous vos probl\u00e8mes informatiques, ralentissements, virus, ordinateur qui ne d\u00e9marre pas, r\u00e9cup\u00e9ration de donn\u00e9es perdues etc.<br \/>\nNous sommes a votre \u00e9coute donc n&rsquo;h\u00e9sitez pas \u00e0 nous contacter pour un devis personnalis\u00e9.<\/p>\n","protected":false},"excerpt":{"rendered":"<p>La r\u00e9paration informatique est le coeur de mon m\u00e9tier depuis 1993, nous effectuons des devis gratuits et nous pouvons r\u00e9parer tous vos probl\u00e8mes informatiques, ralentissements, virus, ordinateur qui ne d\u00e9marre pas, r\u00e9cup\u00e9ration de donn\u00e9es perdues etc. Nous sommes a votre \u00e9coute donc n&rsquo;h\u00e9sitez pas \u00e0 nous contacter pour un devis personnalis\u00e9.<\/p>\n","protected":false},"author":2,"featured_media":298,"parent":0,"menu_order":0,"comment_status":"closed","ping_status":"closed","template":"","meta":{"_mi_skip_tracking":false,"footnotes":""},"class_list":["post-157","page","type-page","status-publish","has-post-thumbnail","hentry"],"_links":{"self":[{"href":"https:\/\/seeinformatique.fr\/index.php?rest_route=\/wp\/v2\/pages\/157","targetHints":{"allow":["GET"]}}],"collection":[{"href":"https:\/\/seeinformatique.fr\/index.php?rest_route=\/wp\/v2\/pages"}],"about":[{"href":"https:\/\/seeinformatique.fr\/index.php?rest_route=\/wp\/v2\/types\/page"}],"author":[{"embeddable":true,"href":"https:\/\/seeinformatique.fr\/index.php?rest_route=\/wp\/v2\/users\/2"}],"replies":[{"embeddable":true,"href":"https:\/\/seeinformatique.fr\/index.php?rest_route=%2Fwp%2Fv2%2Fcomments&post=157"}],"version-history":[{"count":6,"href":"https:\/\/seeinformatique.fr\/index.php?rest_route=\/wp\/v2\/pages\/157\/revisions"}],"predecessor-version":[{"id":401,"href":"https:\/\/seeinformatique.fr\/index.php?rest_route=\/wp\/v2\/pages\/157\/revisions\/401"}],"wp:featuredmedia":[{"embeddable":true,"href":"https:\/\/seeinformatique.fr\/index.php?rest_route=\/wp\/v2\/media\/298"}],"wp:attachment":[{"href":"https:\/\/seeinformatique.fr\/index.php?rest_route=%2Fwp%2Fv2%2Fmedia&parent=157"}],"curies":[{"name":"wp","href":"https:\/\/api.w.org\/{rel}","templated":true}]}}