{"id":161,"date":"2018-08-28T09:11:15","date_gmt":"2018-08-28T07:11:15","guid":{"rendered":"http:\/\/seeinformatique.fr\/?page_id=161"},"modified":"2022-04-07T13:15:00","modified_gmt":"2022-04-07T11:15:00","slug":"vente-reparation-des-consoles","status":"publish","type":"page","link":"https:\/\/seeinformatique.fr\/?page_id=161","title":{"rendered":"R\u00e9paration des Consoles"},"content":{"rendered":"<style>\/*! elementor - v3.5.6 - 17-03-2022 *\/<br \/>\n.elementor-widget-image{text-align:center}.elementor-widget-image a{display:inline-block}.elementor-widget-image a img[src$=\".svg\"]{width:48px}.elementor-widget-image img{vertical-align:middle;display:inline-block}<\/style>\n<p>\t\t\t\t\t\t\t\t\t\t\t\t<img decoding=\"async\" src=\"http:\/\/seeinformatique.fr\/wp-content\/uploads\/2022\/04\/A-un-an-de-la-sortie-des-futures-Playstation-et-Xbox-faut-il-acheter-une-console-de-jeux-video-pour-Noel-1024x512.png\" alt=\"\" loading=\"lazy\" srcset=\"http:\/\/seeinformatique.fr\/wp-content\/uploads\/2022\/04\/A-un-an-de-la-sortie-des-futures-Playstation-et-Xbox-faut-il-acheter-une-console-de-jeux-video-pour-Noel-1024x512.png 1024w, http:\/\/seeinformatique.fr\/wp-content\/uploads\/2022\/04\/A-un-an-de-la-sortie-des-futures-Playstation-et-Xbox-faut-il-acheter-une-console-de-jeux-video-pour-Noel-300x150.png 300w, http:\/\/seeinformatique.fr\/wp-content\/uploads\/2022\/04\/A-un-an-de-la-sortie-des-futures-Playstation-et-Xbox-faut-il-acheter-une-console-de-jeux-video-pour-Noel-768x384.png 768w, http:\/\/seeinformatique.fr\/wp-content\/uploads\/2022\/04\/A-un-an-de-la-sortie-des-futures-Playstation-et-Xbox-faut-il-acheter-une-console-de-jeux-video-pour-Noel.png 1280w\" sizes=\"auto, (max-width: 780px) 100vw, 780px\" width=\"780\" height=\"390\"><br \/>\nSp\u00e9cialis\u00e9 dans la r\u00e9paration de consoles de jeux depuis 2009, la soci\u00e9t\u00e9 SEE Informatique vous propose son expertise, avec un devis gratuit et des r\u00e9parations sur la plupart des console de jeux du march\u00e9.<br \/>\nPour plus de renseignement, n&rsquo;h\u00e9sitez pas \u00e0 nous contacter ou bien \u00e0 venir directement en boutique.<\/p>\n","protected":false},"excerpt":{"rendered":"<p>Sp\u00e9cialis\u00e9 dans la r\u00e9paration de consoles de jeux depuis 2009, la soci\u00e9t\u00e9 SEE Informatique vous propose son expertise, avec un devis gratuit et des r\u00e9parations sur la plupart des console de jeux du march\u00e9. Pour plus de renseignement, n&rsquo;h\u00e9sitez pas \u00e0 nous contacter ou bien \u00e0 venir directement en boutique.<\/p>\n","protected":false},"author":2,"featured_media":305,"parent":0,"menu_order":0,"comment_status":"closed","ping_status":"closed","template":"","meta":{"_mi_skip_tracking":false,"footnotes":""},"class_list":["post-161","page","type-page","status-publish","has-post-thumbnail","hentry"],"_links":{"self":[{"href":"https:\/\/seeinformatique.fr\/index.php?rest_route=\/wp\/v2\/pages\/161","targetHints":{"allow":["GET"]}}],"collection":[{"href":"https:\/\/seeinformatique.fr\/index.php?rest_route=\/wp\/v2\/pages"}],"about":[{"href":"https:\/\/seeinformatique.fr\/index.php?rest_route=\/wp\/v2\/types\/page"}],"author":[{"embeddable":true,"href":"https:\/\/seeinformatique.fr\/index.php?rest_route=\/wp\/v2\/users\/2"}],"replies":[{"embeddable":true,"href":"https:\/\/seeinformatique.fr\/index.php?rest_route=%2Fwp%2Fv2%2Fcomments&post=161"}],"version-history":[{"count":9,"href":"https:\/\/seeinformatique.fr\/index.php?rest_route=\/wp\/v2\/pages\/161\/revisions"}],"predecessor-version":[{"id":463,"href":"https:\/\/seeinformatique.fr\/index.php?rest_route=\/wp\/v2\/pages\/161\/revisions\/463"}],"wp:featuredmedia":[{"embeddable":true,"href":"https:\/\/seeinformatique.fr\/index.php?rest_route=\/wp\/v2\/media\/305"}],"wp:attachment":[{"href":"https:\/\/seeinformatique.fr\/index.php?rest_route=%2Fwp%2Fv2%2Fmedia&parent=161"}],"curies":[{"name":"wp","href":"https:\/\/api.w.org\/{rel}","templated":true}]}}