{"id":2,"date":"2018-08-16T14:41:21","date_gmt":"2018-08-16T12:41:21","guid":{"rendered":"http:\/\/seeinformatique.fr\/?page_id=2"},"modified":"2022-04-11T17:37:03","modified_gmt":"2022-04-11T15:37:03","slug":"page-d-exemple","status":"publish","type":"page","link":"https:\/\/seeinformatique.fr\/?page_id=2","title":{"rendered":"La Boutique"},"content":{"rendered":"<style>\/*! elementor - v3.5.6 - 17-03-2022 *\/\n.elementor-widget-image{text-align:center}.elementor-widget-image a{display:inline-block}.elementor-widget-image a img[src$=\".svg\"]{width:48px}.elementor-widget-image img{vertical-align:middle;display:inline-block}<\/style>\n<figure>\n\t\t\t\t\t\t\t\t\t\t<img decoding=\"async\" width=\"780\" height=\"517\" src=\"http:\/\/seeinformatique.fr\/wp-content\/uploads\/2022\/04\/TJP0020-2048x1358.jpg\" alt=\"\" loading=\"lazy\" srcset=\"http:\/\/seeinformatique.fr\/wp-content\/uploads\/2022\/04\/TJP0020-2048x1358.jpg 2048w, http:\/\/seeinformatique.fr\/wp-content\/uploads\/2022\/04\/TJP0020-300x199.jpg 300w, http:\/\/seeinformatique.fr\/wp-content\/uploads\/2022\/04\/TJP0020-1024x679.jpg 1024w, http:\/\/seeinformatique.fr\/wp-content\/uploads\/2022\/04\/TJP0020-768x509.jpg 768w, http:\/\/seeinformatique.fr\/wp-content\/uploads\/2022\/04\/TJP0020-1536x1019.jpg 1536w\" sizes=\"auto, (max-width: 780px) 100vw, 780px\" \/><figcaption>Micka\u00ebl &amp; Dominique<\/figcaption><\/figure>\n<style>\/*! elementor - v3.5.6 - 17-03-2022 *\/\n.elementor-image-gallery .gallery-item{display:inline-block;text-align:center;vertical-align:top;width:100%;max-width:100%;margin:0 auto}.elementor-image-gallery .gallery-item img{margin:0 auto}.elementor-image-gallery .gallery-item .gallery-caption{margin:0}.elementor-image-gallery figure img{display:block}.elementor-image-gallery figure figcaption{width:100%}.gallery-spacing-custom .elementor-image-gallery .gallery-icon{padding:0}@media (min-width:768px){.elementor-image-gallery .gallery-columns-2 .gallery-item{max-width:50%}.elementor-image-gallery .gallery-columns-3 .gallery-item{max-width:33.33%}.elementor-image-gallery .gallery-columns-4 .gallery-item{max-width:25%}.elementor-image-gallery .gallery-columns-5 .gallery-item{max-width:20%}.elementor-image-gallery .gallery-columns-6 .gallery-item{max-width:16.666%}.elementor-image-gallery .gallery-columns-7 .gallery-item{max-width:14.28%}.elementor-image-gallery .gallery-columns-8 .gallery-item{max-width:12.5%}.elementor-image-gallery .gallery-columns-9 .gallery-item{max-width:11.11%}.elementor-image-gallery .gallery-columns-10 .gallery-item{max-width:10%}}@media (min-width:480px) and (max-width:767px){.elementor-image-gallery .gallery.gallery-columns-2 .gallery-item,.elementor-image-gallery .gallery.gallery-columns-3 .gallery-item,.elementor-image-gallery .gallery.gallery-columns-4 .gallery-item,.elementor-image-gallery .gallery.gallery-columns-5 .gallery-item,.elementor-image-gallery .gallery.gallery-columns-6 .gallery-item,.elementor-image-gallery .gallery.gallery-columns-7 .gallery-item,.elementor-image-gallery .gallery.gallery-columns-8 .gallery-item,.elementor-image-gallery .gallery.gallery-columns-9 .gallery-item,.elementor-image-gallery .gallery.gallery-columns-10 .gallery-item{max-width:50%}}@media (max-width:479px){.elementor-image-gallery .gallery.gallery-columns-2 .gallery-item,.elementor-image-gallery .gallery.gallery-columns-3 .gallery-item,.elementor-image-gallery .gallery.gallery-columns-4 .gallery-item,.elementor-image-gallery .gallery.gallery-columns-5 .gallery-item,.elementor-image-gallery .gallery.gallery-columns-6 .gallery-item,.elementor-image-gallery .gallery.gallery-columns-7 .gallery-item,.elementor-image-gallery .gallery.gallery-columns-8 .gallery-item,.elementor-image-gallery .gallery.gallery-columns-9 .gallery-item,.elementor-image-gallery .gallery.gallery-columns-10 .gallery-item{max-width:100%}}<\/style>\n<style type=\"text\/css\">\n\t\t\t#gallery-1 {\n\t\t\t\tmargin: auto;\n\t\t\t}\n\t\t\t#gallery-1 .gallery-item {\n\t\t\t\tfloat: left;\n\t\t\t\tmargin-top: 10px;\n\t\t\t\ttext-align: center;\n\t\t\t\twidth: 25%;\n\t\t\t}\n\t\t\t#gallery-1 img {\n\t\t\t\tborder: 2px solid #cfcfcf;\n\t\t\t}\n\t\t\t#gallery-1 .gallery-caption {\n\t\t\t\tmargin-left: 0;\n\t\t\t}\n\t\t\t\/* see gallery_shortcode() in wp-includes\/media.php *\/\n\t\t<\/style>\n<dl class='gallery-item'>\n<dt class='gallery-icon landscape'>\n\t\t\t\t<a data-elementor-open-lightbox=\"yes\" data-elementor-lightbox-slideshow=\"c229d0d\" data-elementor-lightbox-title=\"_TJP0018\" e-action-hash=\"#elementor-action%3Aaction%3Dlightbox%26settings%3DeyJpZCI6Mjg5LCJ1cmwiOiJodHRwOlwvXC9zZWVpbmZvcm1hdGlxdWUuZnJcL3dwLWNvbnRlbnRcL3VwbG9hZHNcLzIwMjJcLzA0XC9USlAwMDE4LXNjYWxlZC5qcGciLCJzbGlkZXNob3ciOiJjMjI5ZDBkIn0%3D\" href='http:\/\/seeinformatique.fr\/wp-content\/uploads\/2022\/04\/TJP0018-scaled.jpg'><img decoding=\"async\" width=\"150\" height=\"150\" src=\"http:\/\/seeinformatique.fr\/wp-content\/uploads\/2022\/04\/TJP0018-150x150.jpg\" alt=\"\" loading=\"lazy\" aria-describedby=\"gallery-1-289\" srcset=\"http:\/\/seeinformatique.fr\/wp-content\/uploads\/2022\/04\/TJP0018-150x150.jpg 150w, http:\/\/seeinformatique.fr\/wp-content\/uploads\/2022\/04\/TJP0018-200x200.jpg 200w, http:\/\/seeinformatique.fr\/wp-content\/uploads\/2022\/04\/TJP0018-100x100.jpg 100w, http:\/\/seeinformatique.fr\/wp-content\/uploads\/2022\/04\/TJP0018-40x40.jpg 40w\" sizes=\"auto, (max-width: 150px) 100vw, 150px\" \/><\/a>\n\t\t\t<\/dt>\n<dd class='wp-caption-text gallery-caption' id='gallery-1-289'>\n\t\t\t\tSEE Informatique 10 BD gambetta\n\t\t\t\t<\/dd>\n<\/dl>\n<dl class='gallery-item'>\n<dt class='gallery-icon landscape'>\n\t\t\t\t<a data-elementor-open-lightbox=\"yes\" data-elementor-lightbox-slideshow=\"c229d0d\" data-elementor-lightbox-title=\"_TJP0019\" e-action-hash=\"#elementor-action%3Aaction%3Dlightbox%26settings%3DeyJpZCI6MjkwLCJ1cmwiOiJodHRwOlwvXC9zZWVpbmZvcm1hdGlxdWUuZnJcL3dwLWNvbnRlbnRcL3VwbG9hZHNcLzIwMjJcLzA0XC9USlAwMDE5LTEtc2NhbGVkLmpwZyIsInNsaWRlc2hvdyI6ImMyMjlkMGQifQ%3D%3D\" href='http:\/\/seeinformatique.fr\/wp-content\/uploads\/2022\/04\/TJP0019-1-scaled.jpg'><img decoding=\"async\" width=\"150\" height=\"150\" src=\"http:\/\/seeinformatique.fr\/wp-content\/uploads\/2022\/04\/TJP0019-1-150x150.jpg\" alt=\"\" loading=\"lazy\" aria-describedby=\"gallery-1-290\" srcset=\"http:\/\/seeinformatique.fr\/wp-content\/uploads\/2022\/04\/TJP0019-1-150x150.jpg 150w, http:\/\/seeinformatique.fr\/wp-content\/uploads\/2022\/04\/TJP0019-1-200x200.jpg 200w, http:\/\/seeinformatique.fr\/wp-content\/uploads\/2022\/04\/TJP0019-1-100x100.jpg 100w, http:\/\/seeinformatique.fr\/wp-content\/uploads\/2022\/04\/TJP0019-1-40x40.jpg 40w\" sizes=\"auto, (max-width: 150px) 100vw, 150px\" \/><\/a>\n\t\t\t<\/dt>\n<dd class='wp-caption-text gallery-caption' id='gallery-1-290'>\n\t\t\t\tEspace Vente\n\t\t\t\t<\/dd>\n<\/dl>\n<dl class='gallery-item'>\n<dt class='gallery-icon landscape'>\n\t\t\t\t<a data-elementor-open-lightbox=\"yes\" data-elementor-lightbox-slideshow=\"c229d0d\" data-elementor-lightbox-title=\"_TJP0022\" e-action-hash=\"#elementor-action%3Aaction%3Dlightbox%26settings%3DeyJpZCI6MzE3LCJ1cmwiOiJodHRwOlwvXC9zZWVpbmZvcm1hdGlxdWUuZnJcL3dwLWNvbnRlbnRcL3VwbG9hZHNcLzIwMjJcLzA0XC9USlAwMDIyLXNjYWxlZC5qcGciLCJzbGlkZXNob3ciOiJjMjI5ZDBkIn0%3D\" href='http:\/\/seeinformatique.fr\/wp-content\/uploads\/2022\/04\/TJP0022-scaled.jpg'><img decoding=\"async\" width=\"150\" height=\"150\" src=\"http:\/\/seeinformatique.fr\/wp-content\/uploads\/2022\/04\/TJP0022-150x150.jpg\" alt=\"\" loading=\"lazy\" aria-describedby=\"gallery-1-317\" srcset=\"http:\/\/seeinformatique.fr\/wp-content\/uploads\/2022\/04\/TJP0022-150x150.jpg 150w, http:\/\/seeinformatique.fr\/wp-content\/uploads\/2022\/04\/TJP0022-200x200.jpg 200w, http:\/\/seeinformatique.fr\/wp-content\/uploads\/2022\/04\/TJP0022-100x100.jpg 100w, http:\/\/seeinformatique.fr\/wp-content\/uploads\/2022\/04\/TJP0022-40x40.jpg 40w\" sizes=\"auto, (max-width: 150px) 100vw, 150px\" \/><\/a>\n\t\t\t<\/dt>\n<dd class='wp-caption-text gallery-caption' id='gallery-1-317'>\n\t\t\t\tMicka\u00ebl &#038; Dominique\n\t\t\t\t<\/dd>\n<\/dl>\n<dl class='gallery-item'>\n<dt class='gallery-icon landscape'>\n\t\t\t\t<a data-elementor-open-lightbox=\"yes\" data-elementor-lightbox-slideshow=\"c229d0d\" data-elementor-lightbox-title=\"P_20220404_111214\" e-action-hash=\"#elementor-action%3Aaction%3Dlightbox%26settings%3DeyJpZCI6MjkxLCJ1cmwiOiJodHRwOlwvXC9zZWVpbmZvcm1hdGlxdWUuZnJcL3dwLWNvbnRlbnRcL3VwbG9hZHNcLzIwMjJcLzA0XC9QXzIwMjIwNDA0XzExMTIxNC1zY2FsZWQuanBnIiwic2xpZGVzaG93IjoiYzIyOWQwZCJ9\" href='http:\/\/seeinformatique.fr\/wp-content\/uploads\/2022\/04\/P_20220404_111214-scaled.jpg'><img decoding=\"async\" width=\"150\" height=\"150\" src=\"http:\/\/seeinformatique.fr\/wp-content\/uploads\/2022\/04\/P_20220404_111214-150x150.jpg\" alt=\"\" loading=\"lazy\" aria-describedby=\"gallery-1-291\" srcset=\"http:\/\/seeinformatique.fr\/wp-content\/uploads\/2022\/04\/P_20220404_111214-150x150.jpg 150w, http:\/\/seeinformatique.fr\/wp-content\/uploads\/2022\/04\/P_20220404_111214-200x200.jpg 200w, http:\/\/seeinformatique.fr\/wp-content\/uploads\/2022\/04\/P_20220404_111214-100x100.jpg 100w, http:\/\/seeinformatique.fr\/wp-content\/uploads\/2022\/04\/P_20220404_111214-40x40.jpg 40w\" sizes=\"auto, (max-width: 150px) 100vw, 150px\" \/><\/a>\n\t\t\t<\/dt>\n<dd class='wp-caption-text gallery-caption' id='gallery-1-291'>\n\t\t\t\tEspace Vente\n\t\t\t\t<\/dd>\n<\/dl>\n<p><br style=\"clear: both\" \/><\/p>\n<dl class='gallery-item'>\n<dt class='gallery-icon landscape'>\n\t\t\t\t<a data-elementor-open-lightbox=\"yes\" data-elementor-lightbox-slideshow=\"c229d0d\" data-elementor-lightbox-title=\"P_20220404_111232\" e-action-hash=\"#elementor-action%3Aaction%3Dlightbox%26settings%3DeyJpZCI6MjkyLCJ1cmwiOiJodHRwOlwvXC9zZWVpbmZvcm1hdGlxdWUuZnJcL3dwLWNvbnRlbnRcL3VwbG9hZHNcLzIwMjJcLzA0XC9QXzIwMjIwNDA0XzExMTIzMi1zY2FsZWQuanBnIiwic2xpZGVzaG93IjoiYzIyOWQwZCJ9\" href='http:\/\/seeinformatique.fr\/wp-content\/uploads\/2022\/04\/P_20220404_111232-scaled.jpg'><img decoding=\"async\" width=\"150\" height=\"150\" src=\"http:\/\/seeinformatique.fr\/wp-content\/uploads\/2022\/04\/P_20220404_111232-150x150.jpg\" alt=\"\" loading=\"lazy\" aria-describedby=\"gallery-1-292\" srcset=\"http:\/\/seeinformatique.fr\/wp-content\/uploads\/2022\/04\/P_20220404_111232-150x150.jpg 150w, http:\/\/seeinformatique.fr\/wp-content\/uploads\/2022\/04\/P_20220404_111232-200x200.jpg 200w, http:\/\/seeinformatique.fr\/wp-content\/uploads\/2022\/04\/P_20220404_111232-100x100.jpg 100w, http:\/\/seeinformatique.fr\/wp-content\/uploads\/2022\/04\/P_20220404_111232-40x40.jpg 40w\" sizes=\"auto, (max-width: 150px) 100vw, 150px\" \/><\/a>\n\t\t\t<\/dt>\n<dd class='wp-caption-text gallery-caption' id='gallery-1-292'>\n\t\t\t\tP\u00e9riph\u00e9riques\n\t\t\t\t<\/dd>\n<\/dl>\n<dl class='gallery-item'>\n<dt class='gallery-icon landscape'>\n\t\t\t\t<a data-elementor-open-lightbox=\"yes\" data-elementor-lightbox-slideshow=\"c229d0d\" data-elementor-lightbox-title=\"P_20220404_111300\" e-action-hash=\"#elementor-action%3Aaction%3Dlightbox%26settings%3DeyJpZCI6MjkzLCJ1cmwiOiJodHRwOlwvXC9zZWVpbmZvcm1hdGlxdWUuZnJcL3dwLWNvbnRlbnRcL3VwbG9hZHNcLzIwMjJcLzA0XC9QXzIwMjIwNDA0XzExMTMwMC1zY2FsZWQuanBnIiwic2xpZGVzaG93IjoiYzIyOWQwZCJ9\" href='http:\/\/seeinformatique.fr\/wp-content\/uploads\/2022\/04\/P_20220404_111300-scaled.jpg'><img decoding=\"async\" width=\"150\" height=\"150\" src=\"http:\/\/seeinformatique.fr\/wp-content\/uploads\/2022\/04\/P_20220404_111300-150x150.jpg\" alt=\"\" loading=\"lazy\" aria-describedby=\"gallery-1-293\" srcset=\"http:\/\/seeinformatique.fr\/wp-content\/uploads\/2022\/04\/P_20220404_111300-150x150.jpg 150w, http:\/\/seeinformatique.fr\/wp-content\/uploads\/2022\/04\/P_20220404_111300-200x200.jpg 200w, http:\/\/seeinformatique.fr\/wp-content\/uploads\/2022\/04\/P_20220404_111300-100x100.jpg 100w, http:\/\/seeinformatique.fr\/wp-content\/uploads\/2022\/04\/P_20220404_111300-40x40.jpg 40w\" sizes=\"auto, (max-width: 150px) 100vw, 150px\" \/><\/a>\n\t\t\t<\/dt>\n<dd class='wp-caption-text gallery-caption' id='gallery-1-293'>\n\t\t\t\tCables et connectiques\n\t\t\t\t<\/dd>\n<\/dl>\n<dl class='gallery-item'>\n<dt class='gallery-icon portrait'>\n\t\t\t\t<a data-elementor-open-lightbox=\"yes\" data-elementor-lightbox-slideshow=\"c229d0d\" data-elementor-lightbox-title=\"P_20220404_111251\" e-action-hash=\"#elementor-action%3Aaction%3Dlightbox%26settings%3DeyJpZCI6MzIyLCJ1cmwiOiJodHRwOlwvXC9zZWVpbmZvcm1hdGlxdWUuZnJcL3dwLWNvbnRlbnRcL3VwbG9hZHNcLzIwMjJcLzA0XC9QXzIwMjIwNDA0XzExMTI1MS1zY2FsZWQuanBnIiwic2xpZGVzaG93IjoiYzIyOWQwZCJ9\" href='http:\/\/seeinformatique.fr\/wp-content\/uploads\/2022\/04\/P_20220404_111251-scaled.jpg'><img decoding=\"async\" width=\"150\" height=\"150\" src=\"http:\/\/seeinformatique.fr\/wp-content\/uploads\/2022\/04\/P_20220404_111251-150x150.jpg\" alt=\"\" loading=\"lazy\" aria-describedby=\"gallery-1-322\" srcset=\"http:\/\/seeinformatique.fr\/wp-content\/uploads\/2022\/04\/P_20220404_111251-150x150.jpg 150w, http:\/\/seeinformatique.fr\/wp-content\/uploads\/2022\/04\/P_20220404_111251-200x200.jpg 200w, http:\/\/seeinformatique.fr\/wp-content\/uploads\/2022\/04\/P_20220404_111251-100x100.jpg 100w, http:\/\/seeinformatique.fr\/wp-content\/uploads\/2022\/04\/P_20220404_111251-40x40.jpg 40w\" sizes=\"auto, (max-width: 150px) 100vw, 150px\" \/><\/a>\n\t\t\t<\/dt>\n<dd class='wp-caption-text gallery-caption' id='gallery-1-322'>\n\t\t\t\tOrdinateur Reconditionn\u00e9\n\t\t\t\t<\/dd>\n<\/dl>\n<dl class='gallery-item'>\n<dt class='gallery-icon landscape'>\n\t\t\t\t<a data-elementor-open-lightbox=\"yes\" data-elementor-lightbox-slideshow=\"c229d0d\" data-elementor-lightbox-title=\"P_20220404_111220\" e-action-hash=\"#elementor-action%3Aaction%3Dlightbox%26settings%3DeyJpZCI6MzIwLCJ1cmwiOiJodHRwOlwvXC9zZWVpbmZvcm1hdGlxdWUuZnJcL3dwLWNvbnRlbnRcL3VwbG9hZHNcLzIwMjJcLzA0XC9QXzIwMjIwNDA0XzExMTIyMC1zY2FsZWQuanBnIiwic2xpZGVzaG93IjoiYzIyOWQwZCJ9\" href='http:\/\/seeinformatique.fr\/wp-content\/uploads\/2022\/04\/P_20220404_111220-scaled.jpg'><img decoding=\"async\" width=\"150\" height=\"150\" src=\"http:\/\/seeinformatique.fr\/wp-content\/uploads\/2022\/04\/P_20220404_111220-150x150.jpg\" alt=\"\" loading=\"lazy\" aria-describedby=\"gallery-1-320\" srcset=\"http:\/\/seeinformatique.fr\/wp-content\/uploads\/2022\/04\/P_20220404_111220-150x150.jpg 150w, http:\/\/seeinformatique.fr\/wp-content\/uploads\/2022\/04\/P_20220404_111220-200x200.jpg 200w, http:\/\/seeinformatique.fr\/wp-content\/uploads\/2022\/04\/P_20220404_111220-100x100.jpg 100w, http:\/\/seeinformatique.fr\/wp-content\/uploads\/2022\/04\/P_20220404_111220-40x40.jpg 40w\" sizes=\"auto, (max-width: 150px) 100vw, 150px\" \/><\/a>\n\t\t\t<\/dt>\n<dd class='wp-caption-text gallery-caption' id='gallery-1-320'>\n\t\t\t\tEspace Vente\n\t\t\t\t<\/dd>\n<\/dl>\n<p><br style=\"clear: both\" \/><\/p>\n<dl class='gallery-item'>\n<dt class='gallery-icon landscape'>\n\t\t\t\t<a data-elementor-open-lightbox=\"yes\" data-elementor-lightbox-slideshow=\"c229d0d\" data-elementor-lightbox-title=\"_TJP0025\" e-action-hash=\"#elementor-action%3Aaction%3Dlightbox%26settings%3DeyJpZCI6MzE4LCJ1cmwiOiJodHRwOlwvXC9zZWVpbmZvcm1hdGlxdWUuZnJcL3dwLWNvbnRlbnRcL3VwbG9hZHNcLzIwMjJcLzA0XC9USlAwMDI1LXNjYWxlZC5qcGciLCJzbGlkZXNob3ciOiJjMjI5ZDBkIn0%3D\" href='http:\/\/seeinformatique.fr\/wp-content\/uploads\/2022\/04\/TJP0025-scaled.jpg'><img decoding=\"async\" width=\"150\" height=\"150\" src=\"http:\/\/seeinformatique.fr\/wp-content\/uploads\/2022\/04\/TJP0025-150x150.jpg\" alt=\"\" loading=\"lazy\" aria-describedby=\"gallery-1-318\" srcset=\"http:\/\/seeinformatique.fr\/wp-content\/uploads\/2022\/04\/TJP0025-150x150.jpg 150w, http:\/\/seeinformatique.fr\/wp-content\/uploads\/2022\/04\/TJP0025-200x200.jpg 200w, http:\/\/seeinformatique.fr\/wp-content\/uploads\/2022\/04\/TJP0025-100x100.jpg 100w, http:\/\/seeinformatique.fr\/wp-content\/uploads\/2022\/04\/TJP0025-40x40.jpg 40w\" sizes=\"auto, (max-width: 150px) 100vw, 150px\" \/><\/a>\n\t\t\t<\/dt>\n<dd class='wp-caption-text gallery-caption' id='gallery-1-318'>\n\t\t\t\tEspace vente Ordinateur Neuf\n\t\t\t\t<\/dd>\n<\/dl>\n<dl class='gallery-item'>\n<dt class='gallery-icon landscape'>\n\t\t\t\t<a data-elementor-open-lightbox=\"yes\" data-elementor-lightbox-slideshow=\"c229d0d\" data-elementor-lightbox-title=\"_TJP0021\" e-action-hash=\"#elementor-action%3Aaction%3Dlightbox%26settings%3DeyJpZCI6MzE2LCJ1cmwiOiJodHRwOlwvXC9zZWVpbmZvcm1hdGlxdWUuZnJcL3dwLWNvbnRlbnRcL3VwbG9hZHNcLzIwMjJcLzA0XC9USlAwMDIxLXNjYWxlZC5qcGciLCJzbGlkZXNob3ciOiJjMjI5ZDBkIn0%3D\" href='http:\/\/seeinformatique.fr\/wp-content\/uploads\/2022\/04\/TJP0021-scaled.jpg'><img decoding=\"async\" width=\"150\" height=\"150\" src=\"http:\/\/seeinformatique.fr\/wp-content\/uploads\/2022\/04\/TJP0021-150x150.jpg\" alt=\"\" loading=\"lazy\" aria-describedby=\"gallery-1-316\" srcset=\"http:\/\/seeinformatique.fr\/wp-content\/uploads\/2022\/04\/TJP0021-150x150.jpg 150w, http:\/\/seeinformatique.fr\/wp-content\/uploads\/2022\/04\/TJP0021-200x200.jpg 200w, http:\/\/seeinformatique.fr\/wp-content\/uploads\/2022\/04\/TJP0021-100x100.jpg 100w, http:\/\/seeinformatique.fr\/wp-content\/uploads\/2022\/04\/TJP0021-40x40.jpg 40w\" sizes=\"auto, (max-width: 150px) 100vw, 150px\" \/><\/a>\n\t\t\t<\/dt>\n<dd class='wp-caption-text gallery-caption' id='gallery-1-316'>\n\t\t\t\tMicka\u00ebl &#038; Dominique\n\t\t\t\t<\/dd>\n<\/dl>\n<dl class='gallery-item'>\n<dt class='gallery-icon landscape'>\n\t\t\t\t<a data-elementor-open-lightbox=\"yes\" data-elementor-lightbox-slideshow=\"c229d0d\" data-elementor-lightbox-title=\"_TJP0027\" e-action-hash=\"#elementor-action%3Aaction%3Dlightbox%26settings%3DeyJpZCI6MzQzLCJ1cmwiOiJodHRwOlwvXC9zZWVpbmZvcm1hdGlxdWUuZnJcL3dwLWNvbnRlbnRcL3VwbG9hZHNcLzIwMjJcLzA0XC9USlAwMDI3LXNjYWxlZC5qcGciLCJzbGlkZXNob3ciOiJjMjI5ZDBkIn0%3D\" href='http:\/\/seeinformatique.fr\/wp-content\/uploads\/2022\/04\/TJP0027-scaled.jpg'><img decoding=\"async\" width=\"150\" height=\"150\" src=\"http:\/\/seeinformatique.fr\/wp-content\/uploads\/2022\/04\/TJP0027-150x150.jpg\" alt=\"\" loading=\"lazy\" aria-describedby=\"gallery-1-343\" srcset=\"http:\/\/seeinformatique.fr\/wp-content\/uploads\/2022\/04\/TJP0027-150x150.jpg 150w, http:\/\/seeinformatique.fr\/wp-content\/uploads\/2022\/04\/TJP0027-200x200.jpg 200w, http:\/\/seeinformatique.fr\/wp-content\/uploads\/2022\/04\/TJP0027-100x100.jpg 100w, http:\/\/seeinformatique.fr\/wp-content\/uploads\/2022\/04\/TJP0027-40x40.jpg 40w\" sizes=\"auto, (max-width: 150px) 100vw, 150px\" \/><\/a>\n\t\t\t<\/dt>\n<dd class='wp-caption-text gallery-caption' id='gallery-1-343'>\n\t\t\t\tDominique\n\t\t\t\t<\/dd>\n<\/dl>\n<dl class='gallery-item'>\n<dt class='gallery-icon landscape'>\n\t\t\t\t<a data-elementor-open-lightbox=\"yes\" data-elementor-lightbox-slideshow=\"c229d0d\" data-elementor-lightbox-title=\"_TJP0028\" e-action-hash=\"#elementor-action%3Aaction%3Dlightbox%26settings%3DeyJpZCI6MzQ0LCJ1cmwiOiJodHRwOlwvXC9zZWVpbmZvcm1hdGlxdWUuZnJcL3dwLWNvbnRlbnRcL3VwbG9hZHNcLzIwMjJcLzA0XC9USlAwMDI4LXNjYWxlZC5qcGciLCJzbGlkZXNob3ciOiJjMjI5ZDBkIn0%3D\" href='http:\/\/seeinformatique.fr\/wp-content\/uploads\/2022\/04\/TJP0028-scaled.jpg'><img decoding=\"async\" width=\"150\" height=\"150\" src=\"http:\/\/seeinformatique.fr\/wp-content\/uploads\/2022\/04\/TJP0028-150x150.jpg\" alt=\"\" loading=\"lazy\" aria-describedby=\"gallery-1-344\" srcset=\"http:\/\/seeinformatique.fr\/wp-content\/uploads\/2022\/04\/TJP0028-150x150.jpg 150w, http:\/\/seeinformatique.fr\/wp-content\/uploads\/2022\/04\/TJP0028-200x200.jpg 200w, http:\/\/seeinformatique.fr\/wp-content\/uploads\/2022\/04\/TJP0028-100x100.jpg 100w, http:\/\/seeinformatique.fr\/wp-content\/uploads\/2022\/04\/TJP0028-40x40.jpg 40w\" sizes=\"auto, (max-width: 150px) 100vw, 150px\" \/><\/a>\n\t\t\t<\/dt>\n<dd class='wp-caption-text gallery-caption' id='gallery-1-344'>\n\t\t\t\tEspace vente\n\t\t\t\t<\/dd>\n<\/dl>\n<p><br style=\"clear: both\" \/><\/p>\n","protected":false},"excerpt":{"rendered":"<p>Micka\u00ebl &amp; Dominique SEE Informatique 10 BD gambetta Espace Vente Micka\u00ebl &#038; Dominique Espace Vente P\u00e9riph\u00e9riques Cables et connectiques Ordinateur Reconditionn\u00e9 Espace Vente Espace vente Ordinateur Neuf Micka\u00ebl &#038; Dominique Dominique Espace vente<\/p>\n","protected":false},"author":1,"featured_media":0,"parent":0,"menu_order":0,"comment_status":"closed","ping_status":"open","template":"","meta":{"_mi_skip_tracking":false,"footnotes":""},"class_list":["post-2","page","type-page","status-publish","hentry"],"_links":{"self":[{"href":"https:\/\/seeinformatique.fr\/index.php?rest_route=\/wp\/v2\/pages\/2","targetHints":{"allow":["GET"]}}],"collection":[{"href":"https:\/\/seeinformatique.fr\/index.php?rest_route=\/wp\/v2\/pages"}],"about":[{"href":"https:\/\/seeinformatique.fr\/index.php?rest_route=\/wp\/v2\/types\/page"}],"author":[{"embeddable":true,"href":"https:\/\/seeinformatique.fr\/index.php?rest_route=\/wp\/v2\/users\/1"}],"replies":[{"embeddable":true,"href":"https:\/\/seeinformatique.fr\/index.php?rest_route=%2Fwp%2Fv2%2Fcomments&post=2"}],"version-history":[{"count":25,"href":"https:\/\/seeinformatique.fr\/index.php?rest_route=\/wp\/v2\/pages\/2\/revisions"}],"predecessor-version":[{"id":522,"href":"https:\/\/seeinformatique.fr\/index.php?rest_route=\/wp\/v2\/pages\/2\/revisions\/522"}],"wp:attachment":[{"href":"https:\/\/seeinformatique.fr\/index.php?rest_route=%2Fwp%2Fv2%2Fmedia&parent=2"}],"curies":[{"name":"wp","href":"https:\/\/api.w.org\/{rel}","templated":true}]}}