{"id":353,"date":"2022-04-04T17:37:42","date_gmt":"2022-04-04T15:37:42","guid":{"rendered":"http:\/\/seeinformatique.fr\/?page_id=353"},"modified":"2022-04-08T08:58:53","modified_gmt":"2022-04-08T06:58:53","slug":"nos-services","status":"publish","type":"page","link":"https:\/\/seeinformatique.fr\/?page_id=353","title":{"rendered":"Nos Services"},"content":{"rendered":"<style>\/*! elementor - v3.5.6 - 17-03-2022 *\/\n.elementor-widget-image{text-align:center}.elementor-widget-image a{display:inline-block}.elementor-widget-image a img[src$=\".svg\"]{width:48px}.elementor-widget-image img{vertical-align:middle;display:inline-block}<\/style>\n<p>\t\t\t\t\t\t\t\t\t\t\t\t\t<a href=\"http:\/\/seeinformatique.fr\/?page_id=159\"><br \/>\n\t\t\t\t\t\t\t<img decoding=\"async\" width=\"780\" height=\"238\" src=\"http:\/\/seeinformatique.fr\/wp-content\/uploads\/2022\/04\/Assemble-PC-Gamer-004-1-1024x313.jpg\" alt=\"\" loading=\"lazy\" srcset=\"http:\/\/seeinformatique.fr\/wp-content\/uploads\/2022\/04\/Assemble-PC-Gamer-004-1-1024x313.jpg 1024w, http:\/\/seeinformatique.fr\/wp-content\/uploads\/2022\/04\/Assemble-PC-Gamer-004-1-300x92.jpg 300w, http:\/\/seeinformatique.fr\/wp-content\/uploads\/2022\/04\/Assemble-PC-Gamer-004-1-768x234.jpg 768w, http:\/\/seeinformatique.fr\/wp-content\/uploads\/2022\/04\/Assemble-PC-Gamer-004-1-1536x469.jpg 1536w, http:\/\/seeinformatique.fr\/wp-content\/uploads\/2022\/04\/Assemble-PC-Gamer-004-1.jpg 1900w\" sizes=\"auto, (max-width: 780px) 100vw, 780px\" \/>\t\t\t\t\t\t\t\t<\/a><\/p>\n<h1>Vente &amp; installation de mat\u00e9riel<\/h1>\n<p>Nous vous proposons une large gamme d\u2019ordinateurs portable ou de bureau, en stock ou sur commande.<\/p>\n<p>Grace a notre historique dans le domaine, nous vous proposons aussi VOTRE ordinateur fixe sur mesure. Un outil informatique qui correspond a vos besoins et qui VOUS correspond.<\/p>\n<p>Comme nous pensons aussi \u00e0 votre budget, nous avons un grand choix d\u2019ordinateurs de bureau ou portable reconditionn\u00e9s, garantie 6 mois et de qualit\u00e9 professionnelle.<\/p>\n<p>Le paiement en 3x ou 4x sans frais par Carte Bancaire est disponible!<\/p>\n<p>\t\t\t\t\t\t\t\t\t\t\t\t\t\t\t\t<a href=\"http:\/\/seeinformatique.fr\/?page_id=157\"><br \/>\n\t\t\t\t\t\t\t<img decoding=\"async\" width=\"780\" height=\"518\" src=\"http:\/\/seeinformatique.fr\/wp-content\/uploads\/2022\/04\/Reparation-Pc-SEE-informatique-1024x680.jpg\" alt=\"\" loading=\"lazy\" srcset=\"http:\/\/seeinformatique.fr\/wp-content\/uploads\/2022\/04\/Reparation-Pc-SEE-informatique-1024x680.jpg 1024w, http:\/\/seeinformatique.fr\/wp-content\/uploads\/2022\/04\/Reparation-Pc-SEE-informatique-300x199.jpg 300w, http:\/\/seeinformatique.fr\/wp-content\/uploads\/2022\/04\/Reparation-Pc-SEE-informatique-768x510.jpg 768w, http:\/\/seeinformatique.fr\/wp-content\/uploads\/2022\/04\/Reparation-Pc-SEE-informatique-1536x1020.jpg 1536w, http:\/\/seeinformatique.fr\/wp-content\/uploads\/2022\/04\/Reparation-Pc-SEE-informatique.jpg 1691w\" sizes=\"auto, (max-width: 780px) 100vw, 780px\" \/>\t\t\t\t\t\t\t\t<\/a><\/p>\n<header>\n<h1>R\u00e9paration &amp; Maintenance Informatique<\/h1>\n<\/header>\n<p>La r\u00e9paration informatique est le coeur de mon m\u00e9tier depuis 1993, nous effectuons des devis gratuits et nous pouvons r\u00e9parer tous vos probl\u00e8mes informatiques, ralentissements, virus, ordinateur qui ne d\u00e9marre pas, r\u00e9cup\u00e9ration de donn\u00e9es perdues etc.<\/p>\n<p>Nous sommes a votre \u00e9coute donc n\u2019h\u00e9sitez pas \u00e0 nous contacter pour un devis personnalis\u00e9.<\/p>\n<p>\t\t\t\t\t\t\t\t\t\t\t\t\t\t\t\t<a href=\"http:\/\/seeinformatique.fr\/?page_id=155\"><br \/>\n\t\t\t\t\t\t\t<img decoding=\"async\" width=\"780\" height=\"547\" src=\"http:\/\/seeinformatique.fr\/wp-content\/uploads\/2022\/04\/5deb3fd9800000480618927b-1024x718.jpg\" alt=\"\" loading=\"lazy\" srcset=\"http:\/\/seeinformatique.fr\/wp-content\/uploads\/2022\/04\/5deb3fd9800000480618927b-1024x718.jpg 1024w, http:\/\/seeinformatique.fr\/wp-content\/uploads\/2022\/04\/5deb3fd9800000480618927b-300x210.jpg 300w, http:\/\/seeinformatique.fr\/wp-content\/uploads\/2022\/04\/5deb3fd9800000480618927b-768x538.jpg 768w, http:\/\/seeinformatique.fr\/wp-content\/uploads\/2022\/04\/5deb3fd9800000480618927b.jpg 1264w\" sizes=\"auto, (max-width: 780px) 100vw, 780px\" \/>\t\t\t\t\t\t\t\t<\/a><\/p>\n<h1>D\u00e9pannage \u00e0 Domicile<\/h1>\n<p>Intervention du technicien informatique sur votre ordinateur fixe ou portable, chez vous ou \u00e0 votre travail.<\/p>\n<p>Nous r\u00e9parons tous types de probl\u00e8mes (panne, casse\u2026) que vous pourriez rencontrer, sur toutes marques d\u2019ordinateurs (Mac, Acer, Asus, HP\u2026)<\/p>\n<p>Nous mettons tout en \u0153uvre pour vous offrir un service en 24 heures.<\/p>\n<p>A domicile ou au sein de votre entreprise, nous agissons dans les meilleurs d\u00e9lais.\u00a0<\/p>\n<p>\t\t\t\t\t\t\t\t\t\t\t\t\t\t\t\t<a href=\"http:\/\/seeinformatique.fr\/?page_id=153\"><br \/>\n\t\t\t\t\t\t\t<img decoding=\"async\" width=\"780\" height=\"244\" src=\"http:\/\/seeinformatique.fr\/wp-content\/uploads\/2018\/08\/slide4-1024x320.jpg\" alt=\"\" loading=\"lazy\" srcset=\"http:\/\/seeinformatique.fr\/wp-content\/uploads\/2018\/08\/slide4-1024x320.jpg 1024w, http:\/\/seeinformatique.fr\/wp-content\/uploads\/2018\/08\/slide4-300x94.jpg 300w, http:\/\/seeinformatique.fr\/wp-content\/uploads\/2018\/08\/slide4-768x240.jpg 768w, http:\/\/seeinformatique.fr\/wp-content\/uploads\/2018\/08\/slide4.jpg 1600w\" sizes=\"auto, (max-width: 780px) 100vw, 780px\" \/>\t\t\t\t\t\t\t\t<\/a><\/p>\n<header>\n<h1>R\u00e9paration de Smartphone Tablette<\/h1>\n<\/header>\n<p>Avec l\u2019av\u00e8nement des smartphones et des tablettes, et pour toujours r\u00e9pondre \u00e0 vos attentes, nous nous sommes aussi sp\u00e9cialis\u00e9s dans la r\u00e9paration de ceux ci depuis 2009!<\/p>\n<p>Comme nous savons que vos t\u00e9l\u00e9phones vous sont tr\u00e8s pr\u00e9cieux et gr\u00e2ce \u00e0 notre stock, nous pouvons r\u00e9parer vos smartphones sous 1h si la pi\u00e8ce est en stock ou 24h sur commande.<\/p>\n<p>\t\t\t\t\t\t\t\t\t\t\t\t\t\t\t\t<a href=\"http:\/\/seeinformatique.fr\/?page_id=161\"><br \/>\n\t\t\t\t\t\t\t<img decoding=\"async\" width=\"780\" height=\"390\" src=\"http:\/\/seeinformatique.fr\/wp-content\/uploads\/2022\/04\/A-un-an-de-la-sortie-des-futures-Playstation-et-Xbox-faut-il-acheter-une-console-de-jeux-video-pour-Noel-1024x512.png\" alt=\"\" loading=\"lazy\" srcset=\"http:\/\/seeinformatique.fr\/wp-content\/uploads\/2022\/04\/A-un-an-de-la-sortie-des-futures-Playstation-et-Xbox-faut-il-acheter-une-console-de-jeux-video-pour-Noel-1024x512.png 1024w, http:\/\/seeinformatique.fr\/wp-content\/uploads\/2022\/04\/A-un-an-de-la-sortie-des-futures-Playstation-et-Xbox-faut-il-acheter-une-console-de-jeux-video-pour-Noel-300x150.png 300w, http:\/\/seeinformatique.fr\/wp-content\/uploads\/2022\/04\/A-un-an-de-la-sortie-des-futures-Playstation-et-Xbox-faut-il-acheter-une-console-de-jeux-video-pour-Noel-768x384.png 768w, http:\/\/seeinformatique.fr\/wp-content\/uploads\/2022\/04\/A-un-an-de-la-sortie-des-futures-Playstation-et-Xbox-faut-il-acheter-une-console-de-jeux-video-pour-Noel.png 1280w\" sizes=\"auto, (max-width: 780px) 100vw, 780px\" \/>\t\t\t\t\t\t\t\t<\/a><\/p>\n<header>\n<h1>Vente &amp; R\u00e9paration des Consoles<\/h1>\n<\/header>\n<p>Sp\u00e9cialis\u00e9 dans la r\u00e9paration de consoles de jeux depuis 2009, la soci\u00e9t\u00e9 SEE Informatique vous propose son expertise, avec un devis gratuit et des r\u00e9parations sur la plupart des console de jeux du march\u00e9.<\/p>\n<p>Pour plus de renseignement, n\u2019h\u00e9sitez pas \u00e0 nous contacter ou bien \u00e0 venir directement en boutique.<\/p>\n<p>\t\t\t\t\t\t\t\t\t\t\t\t\t\t\t\t<a href=\"http:\/\/seeinformatique.fr\/?page_id=328\"><br \/>\n\t\t\t\t\t\t\t<img decoding=\"async\" width=\"780\" height=\"520\" src=\"http:\/\/seeinformatique.fr\/wp-content\/uploads\/2022\/04\/Formation-web-ales-1024x683.jpg\" alt=\"\" loading=\"lazy\" srcset=\"http:\/\/seeinformatique.fr\/wp-content\/uploads\/2022\/04\/Formation-web-ales-1024x683.jpg 1024w, http:\/\/seeinformatique.fr\/wp-content\/uploads\/2022\/04\/Formation-web-ales-300x200.jpg 300w, http:\/\/seeinformatique.fr\/wp-content\/uploads\/2022\/04\/Formation-web-ales-768x512.jpg 768w, http:\/\/seeinformatique.fr\/wp-content\/uploads\/2022\/04\/Formation-web-ales-1536x1024.jpg 1536w, http:\/\/seeinformatique.fr\/wp-content\/uploads\/2022\/04\/Formation-web-ales-2048x1365.jpg 2048w\" sizes=\"auto, (max-width: 780px) 100vw, 780px\" \/>\t\t\t\t\t\t\t\t<\/a><\/p>\n<header>\n<h1>Site Web<\/h1>\n<\/header>\n<section data-id=\"5e18444\" data-element_type=\"section\">\n<p>Nous cr\u00e9ons pour vous un site sur-mesure car notre philosophie c\u2019est que le site doit s\u2019<strong>adapter \u00e0 vos besoins et \u00e0 vos objectifs<\/strong> et non l\u2019inverse. C\u2019est un site enti\u00e8rement personnalis\u00e9 avec des fonctionnalit\u00e9s bien pr\u00e9cises qui r\u00e9pondent \u00e0 vos strat\u00e9gies marketing et \u00e0 votre communication. Un site sur-mesure peut \u00eatre un site vitrine, e-commerce ou un portail web.<\/p>\n<\/section>\n<p>\t\t\t\t\t\t\t\t\t\t\t\t\t\t\t\t<a href=\"http:\/\/seeinformatique.fr\/?page_id=179\"><br \/>\n\t\t\t\t\t\t\t<img decoding=\"async\" width=\"780\" height=\"439\" src=\"http:\/\/seeinformatique.fr\/wp-content\/uploads\/2022\/04\/Sans_titre_72_5bb394fb-312e-483a-be8d-aee625c31e33-1024x576.jpg\" alt=\"\" loading=\"lazy\" srcset=\"http:\/\/seeinformatique.fr\/wp-content\/uploads\/2022\/04\/Sans_titre_72_5bb394fb-312e-483a-be8d-aee625c31e33-1024x576.jpg 1024w, http:\/\/seeinformatique.fr\/wp-content\/uploads\/2022\/04\/Sans_titre_72_5bb394fb-312e-483a-be8d-aee625c31e33-300x169.jpg 300w, http:\/\/seeinformatique.fr\/wp-content\/uploads\/2022\/04\/Sans_titre_72_5bb394fb-312e-483a-be8d-aee625c31e33-768x432.jpg 768w, http:\/\/seeinformatique.fr\/wp-content\/uploads\/2022\/04\/Sans_titre_72_5bb394fb-312e-483a-be8d-aee625c31e33-1536x864.jpg 1536w, http:\/\/seeinformatique.fr\/wp-content\/uploads\/2022\/04\/Sans_titre_72_5bb394fb-312e-483a-be8d-aee625c31e33-350x197.jpg 350w, http:\/\/seeinformatique.fr\/wp-content\/uploads\/2022\/04\/Sans_titre_72_5bb394fb-312e-483a-be8d-aee625c31e33-528x297.jpg 528w, http:\/\/seeinformatique.fr\/wp-content\/uploads\/2022\/04\/Sans_titre_72_5bb394fb-312e-483a-be8d-aee625c31e33-860x484.jpg 860w, http:\/\/seeinformatique.fr\/wp-content\/uploads\/2022\/04\/Sans_titre_72_5bb394fb-312e-483a-be8d-aee625c31e33.jpg 1920w\" sizes=\"auto, (max-width: 780px) 100vw, 780px\" \/>\t\t\t\t\t\t\t\t<\/a><\/p>\n<p>Nous vendons et achetons \u00e9galement toutes vos consoles et jeux vid\u00e9o anciens. Pour plus de renseignements, n\u2019h\u00e9sitez pas \u00e0 nous contacter.<\/p>\n<p>\t\t\t\t\t\t\t\t\t\t\t\t\t\t\t<img decoding=\"async\" width=\"780\" height=\"289\" src=\"http:\/\/seeinformatique.fr\/wp-content\/uploads\/2022\/04\/96561868_2730594463852302_7679200997519917056_n.jpg\" alt=\"\" loading=\"lazy\" srcset=\"http:\/\/seeinformatique.fr\/wp-content\/uploads\/2022\/04\/96561868_2730594463852302_7679200997519917056_n.jpg 851w, http:\/\/seeinformatique.fr\/wp-content\/uploads\/2022\/04\/96561868_2730594463852302_7679200997519917056_n-300x111.jpg 300w, http:\/\/seeinformatique.fr\/wp-content\/uploads\/2022\/04\/96561868_2730594463852302_7679200997519917056_n-768x284.jpg 768w\" sizes=\"auto, (max-width: 780px) 100vw, 780px\" \/>\t\t\t\t\t\t\t\t\t\t\t\t\t\t\t<\/p>\n<p>Depuis 1984, nous mettons tout en \u0153uvre pour vous proposer toujours plus de produits et de services adapt\u00e9s \u00e0 vos attentes. Les collaborateurs et les franchis\u00e9s du r\u00e9seau 1001 Piles Batteries sont de v\u00e9ritables professionnels form\u00e9s constamment. Ils mettront tout en \u0153uvre pour trouver une solution adapt\u00e9e \u00e0 votre besoin gr\u00e2ce \u00e0 leur sens de l\u2019\u00e9coute et du service.<\/p>\n<p>Le r\u00e9seau de magasins 1001 Piles Batteries se positionne ainsi comme un acteur du <strong>d\u00e9veloppement durable<\/strong> en proposant des produits qui vous permettent de <strong>prolonger la vie de vos appareils.<\/strong> <br \/><strong> C\u2019est aussi gr\u00e2ce \u00e0 un catalogue de services utiles, disponibles <a href=\"https:\/\/www.1001piles.com\/1001piles\/magasins\/\"> en magasin 1001 Piles Batteries<\/a>, que vous pouvez donner une seconde vie \u00e0 vos appareils ! <\/strong><\/p>\n<p>\t\t\t\t\t\t\t\t\t\t\t\t\t\t\t<img decoding=\"async\" width=\"780\" height=\"421\" src=\"http:\/\/seeinformatique.fr\/wp-content\/uploads\/2022\/04\/maintenance-et-autres-services-thegem-blog-default-large.jpg\" alt=\"\" loading=\"lazy\" srcset=\"http:\/\/seeinformatique.fr\/wp-content\/uploads\/2022\/04\/maintenance-et-autres-services-thegem-blog-default-large.jpg 1000w, http:\/\/seeinformatique.fr\/wp-content\/uploads\/2022\/04\/maintenance-et-autres-services-thegem-blog-default-large-300x162.jpg 300w, http:\/\/seeinformatique.fr\/wp-content\/uploads\/2022\/04\/maintenance-et-autres-services-thegem-blog-default-large-768x415.jpg 768w\" sizes=\"auto, (max-width: 780px) 100vw, 780px\" \/>\t\t\t\t\t\t\t\t\t\t\t\t\t\t\t<\/p>\n<p>Nous proposons de nombreux autres services tel que :<\/p>\n<p>Photocopie, point relais Chronopost, nettoyage de CD, DVD<\/p>\n<p>\t\t\t\t\t\t\t\t\t\t\t\t\t\t\t<img decoding=\"async\" width=\"474\" height=\"106\" src=\"http:\/\/seeinformatique.fr\/wp-content\/uploads\/2022\/04\/images.png\" alt=\"\" loading=\"lazy\" srcset=\"http:\/\/seeinformatique.fr\/wp-content\/uploads\/2022\/04\/images.png 474w, http:\/\/seeinformatique.fr\/wp-content\/uploads\/2022\/04\/images-300x67.png 300w\" sizes=\"auto, (max-width: 474px) 100vw, 474px\" \/><\/p>\n","protected":false},"excerpt":{"rendered":"<p>Vente &amp; installation de mat\u00e9riel Nous vous proposons une large gamme d\u2019ordinateurs portable ou de bureau, en stock ou sur commande. Grace a notre historique dans le domaine, nous vous proposons aussi VOTRE ordinateur fixe sur mesure. Un outil informatique qui correspond a vos besoins et qui VOUS correspond. Comme nous pensons aussi \u00e0 votre <a class=\"more-link\" href=\"https:\/\/seeinformatique.fr\/?page_id=353\">Lire plus &#8230;<\/a><\/p>\n","protected":false},"author":1,"featured_media":0,"parent":0,"menu_order":0,"comment_status":"closed","ping_status":"closed","template":"","meta":{"_mi_skip_tracking":false,"footnotes":""},"class_list":["post-353","page","type-page","status-publish","hentry"],"_links":{"self":[{"href":"https:\/\/seeinformatique.fr\/index.php?rest_route=\/wp\/v2\/pages\/353","targetHints":{"allow":["GET"]}}],"collection":[{"href":"https:\/\/seeinformatique.fr\/index.php?rest_route=\/wp\/v2\/pages"}],"about":[{"href":"https:\/\/seeinformatique.fr\/index.php?rest_route=\/wp\/v2\/types\/page"}],"author":[{"embeddable":true,"href":"https:\/\/seeinformatique.fr\/index.php?rest_route=\/wp\/v2\/users\/1"}],"replies":[{"embeddable":true,"href":"https:\/\/seeinformatique.fr\/index.php?rest_route=%2Fwp%2Fv2%2Fcomments&post=353"}],"version-history":[{"count":43,"href":"https:\/\/seeinformatique.fr\/index.php?rest_route=\/wp\/v2\/pages\/353\/revisions"}],"predecessor-version":[{"id":501,"href":"https:\/\/seeinformatique.fr\/index.php?rest_route=\/wp\/v2\/pages\/353\/revisions\/501"}],"wp:attachment":[{"href":"https:\/\/seeinformatique.fr\/index.php?rest_route=%2Fwp%2Fv2%2Fmedia&parent=353"}],"curies":[{"name":"wp","href":"https:\/\/api.w.org\/{rel}","templated":true}]}}